r - 4 = -0*r. Suppose 0 = -0*n + n - r. Is (-210)/(-1) + (5 - n) a composite number?
False
Suppose 0 = -3*k + 3 - 6. Let r(g) = -58*g**2 + g + 1. Let q be r(k). Let a = -15 - q. Is a prime?
True
Suppose 0*y = y - 644. Let l = 547 + -543. Suppose -3*p - o = -483, l*p - y = 6*o - o. Is p a prime number?
False
Let x(o) = o**3 + o**2. Let n(t) = -5*t**3 + 2*t**2 - t - 3. Let k(j) = -n(j) - 3*x(j). Is k(4) composite?
True
Suppose -34 = -11*f - 12. Suppose f*q = -0 + 66. Is q a prime number?
False
Let l = -3 + 8. Suppose 5*z + 0*z = l*g - 5720, -5*g + 5670 = 5*z. Is g a prime number?
False
Let r(h) = 40*h**2 - 3*h + h**3 + 4 - 3 - 36*h**2. Is r(5) a prime number?
True
Suppose -83*d + 2954 = -76*d. Is d prime?
False
Suppose 0 = v + 91 + 63. Let z = v - -273. Is z a prime number?
False
Suppose -5*a = -3*a - 14. Let i = -15699 - -63609. Is i/42 - (-2)/a a composite number?
True
Suppose -5*h - 4*d = -33261, -h - 9*d + 7*d + 6651 = 0. Is h prime?
True
Let n(v) = -5*v - 37. Let u be n(-8). Suppose 3845 = 5*z + 5*t, 3*t - t = -u*z + 2307. Is z composite?
False
Let v = 33 + -30. Suppose -m + v*m = 166. Is m a prime number?
True
Is (-18614)/(-8) - 1/(-4) - 4 prime?
False
Suppose -37*c = -33*c - 11836. Is c a composite number?
True
Let r = 1708 - -1591. Is r a composite number?
False
Let z = 9 + -6. Let o(q) = -q**3 + 6*q**2. Let c be o(6). Suppose c = z*a - 221 - 148. Is a a prime number?
False
Let y = 577 + -377. Let i be (18/8)/((-1)/y). Let k = i + 1237. Is k a composite number?
False
Let b be 4*((-1)/(-1) - -17). Let t be ((-2)/(6/(-17)))/(4/132). Let r = t - b. Is r a prime number?
False
Let r(j) = -68*j + 11. Let o be (14/21)/((-2)/(-78)). Let k = 17 - o. Is r(k) a prime number?
False
Let x = 5 - -6. Suppose 262 = x*l - 9*l. Is l a prime number?
True
Let f(k) = 12*k**2 + 7*k + 9*k**3 - k**2 + 1 - 19*k**2 - k**3. Is f(4) a prime number?
False
Suppose 3*x - 10573 = 2750. Is x composite?
False
Let a = -4832 - -18630. Is a a composite number?
True
Suppose z - 3*z = -410. Let o = 945 + -655. Let r = o - z. Is r composite?
True
Is 6/9 - 1880214/(-126) prime?
True
Let z = 1567 - 2348. Let r = -558 - z. Is r composite?
False
Let n(b) = -69*b + 10. Let i(l) = -69*l + 9. Let x(v) = -6*i(v) + 5*n(v). Let p be 40/6 + 3/9. Is x(p) a composite number?
False
Suppose 3*x = 4*f + 38, 0*f - 2*x - 28 = 4*f. Let h be 45/10 + 4/f. Is (1 - 4 - h)*-1 a composite number?
False
Let t be ((-2002)/(-35))/(2/20). Let n = t - 135. Is n prime?
False
Suppose -3*a + 19 = -q, -5 = 2*q + 3*a + 6. Is -29*-1*(q*1)/(-2) composite?
True
Is (16/60*-18 + 5)*65165 composite?
False
Let a(h) = 3*h**3 - 20*h**2 - 3*h - 59. Is a(11) prime?
True
Let y(o) = -o**3 + 16*o**2 - 7*o - 67. Is y(-15) a prime number?
True
Let o = 198 - 657. Let b = -154 - o. Let x = b + -48. Is x prime?
True
Suppose -16560 = 6*j - 78738. Is j a prime number?
False
Let d(b) = b**3 - 76*b**2 + 120*b - 158. Is d(76) prime?
False
Let s(c) = 3*c**2 + 4*c + 37. Let b = 104 - 76. Is s(b) composite?
True
Suppose 3*p + 2*x - 2 = 4*p, 2*x = -p + 2. Let n = -10 - -13. Is (n - 2)*p - -53 prime?
True
Let q(h) = h**3 + 9*h**2 + 8*h + 4. Let d be q(-8). Suppose m = x - 11, d*m = 2*x - x - 20. Is ((-2)/4)/(x/(-592)) a composite number?
False
Suppose 0 = -2*y - 0*y + 8, -4*l = -5*y - 10952. Is l composite?
True
Suppose 2*k + 5*b + 62 = 0, -4*k - 43 = -k - 5*b. Is -3 + 38/14 - 657/k prime?
True
Suppose 640862 = 24*a + 13718. Is a composite?
True
Suppose -4*q = 4*v + 1 + 27, -q = 4*v + 37. Let l = v + 13. Suppose l*y + 333 = 4*j - 2*y, 4*j + 2*y = 298. Is j a prime number?
False
Let q = -94 + 104. Suppose -2621 - 5789 = -q*f. Is f a composite number?
True
Suppose -3*u = 4*g + 7, 2*u - g + 5 = 5*u. Let h be -3303*(u - (-10)/(-3)). Suppose 0 = -6*b + 9*b - h. Is b a prime number?
True
Let q be 7 + -3 + (41 - 2). Let a = q - -366. Is a a prime number?
True
Suppose -5*o - 3 + 18 = 0. Let g(j) = 2*j**2 - 3*j. Let a be g(o). Suppose -a - 26 = -d. Is d prime?
False
Let c = 96205 - 55166. Is c composite?
False
Suppose 0 = 2*t + 10, k + k - 5*t = 25. Suppose 3*b + 24 + k = 0. Is b + 27 + 3/1 a composite number?
True
Let p(b) = -296*b - 119. Is p(-3) a composite number?
False
Let g be (-3696)/(-11) - -1*1. Suppose b - z = -g, -2*b - 432 = 4*z + 218. Is (-4)/6*b/6 a composite number?
False
Let y = -42 + 30. Let d(i) = -6*i - 2. Let g be d(y). Is (-28)/g + (-934)/(-10) prime?
False
Let v(c) = -c**2 + 19*c - 1. Suppose 3*i - 78 = -3*i. Is v(i) a composite number?
True
Let h(i) = -3*i + 3. Let m be h(2). Let g be m/1 - (-4 + -3). Suppose 385 = 5*d - 2*d - b, g*b = 3*d - 397. Is d a composite number?
False
Is (-526*116/20)/((-18)/45) a prime number?
False
Suppose -r + 6*r + 5*a = 4455, 4*a = 5*r - 4419. Is r a prime number?
True
Let w be 23*((-11)/(-3) + (-12)/(-9)). Let a = w + 16. Is a a composite number?
False
Let v(s) = s - 2. Let l be v(1). Let q(d) = 6*d**2. Let y be q(l). Suppose -4*z + 2336 = -b, -4*z + b = -y*z + 1162. Is z prime?
False
Let x be (-2)/4 + 245*3/6. Let b = 361 - x. Is b composite?
False
Let y = 5136 + -3503. Is y a prime number?
False
Let g(h) be the second derivative of 13*h**3/6 + 35*h**2/2 + 2*h. Is g(12) composite?
False
Let o = 21223 + -13062. Is o a prime number?
True
Is (-1)/2*(-101 - 8553) a composite number?
False
Suppose o + 2 = 4*o - 2*r, 2*r - 2 = o. Is o/8 + 3724/16 a composite number?
False
Suppose 2*o - 5*v = 3489 + 5596, v = -5*o + 22780. Is o a composite number?
True
Let p = -8729 - -12272. Is p a composite number?
True
Let a(x) = -x**3 + 9*x**2 + 11*x. Let c be a(10). Let v be ((-4)/c)/(5/(-100)). Is (-421)/(-2) + v/16 a prime number?
True
Let c = -10048 + 101483. Is c a composite number?
True
Let w(v) = -v**3 - 2*v**2 - 2*v - 2. Let j be w(-2). Let o(d) = d**3 + 0 - 8*d - 4 - 5*d**j - 1 - 2*d**3. Is o(-6) a composite number?
False
Let d = 1327 - 508. Let h(n) = -20*n**2 + 3*n - 3. Let u be h(5). Let o = u + d. Is o composite?
False
Suppose -2*u - 3*p - p = -12, 2*p = 4*u - 14. Suppose s - 3*a = 2*a - 13, 0 = -2*s + u*a - 8. Is 2*s + (3 - -6) composite?
False
Suppose 0*p = -3*p. Suppose p*a + 1346 = 2*a. Is a composite?
False
Let y(x) be the third derivative of -x**6/120 + 11*x**5/60 + 13*x**4/24 + x**3/2 - 6*x**2. Let s = -11 + 23. Is y(s) a composite number?
True
Let q = -2477 - -11278. Is q prime?
False
Let l(s) = s**2 - 2*s - 3. Let t be 1 - (-4)/(4/(-3)). Let x be l(t). Suppose 4*q - 2046 = 2*g, 534 = x*q - 4*q - 5*g. Is q a prime number?
True
Is 74/(-14) - -5 - 22922/(-14) a prime number?
True
Suppose 0 = 4*x - 2*g - 312, -2*x - 2*g + 174 = 12. Is x a prime number?
True
Let f = -277 + -971. Let a = -53 - f. Is a a prime number?
False
Let v = 18585 + -9458. Is v a prime number?
True
Suppose -6*d + 2*d - 1676 = 3*v, -546 = v - 5*d. Let p = -283 - v. Suppose j - 3*t - 78 = -19, -5*j + p = -4*t. Is j a prime number?
True
Suppose 7 + 4 = 2*b - 5*g, -35 = -4*b - 3*g. Let q be b/(-3)*(-135)/36. Is (-468)/(-65) - 2/q a prime number?
True
Let o = 453 - 294. Suppose -21*d + 18*d = -o. Is d prime?
True
Suppose -3*v = -v - 10. Let u = 313 + 946. Suppose y - v*i = -y + 482, -5*y - i = -u. Is y a prime number?
True
Let g(c) = -c**2 - 12*c + 2. Let k be g(-11). Let z be 0/(-2) - (9 - k). Suppose -3*i + z*i - 2*w = 270, -2*w = -2*i + 544. Is i composite?
True
Let n = 2501 - 532. Is n composite?
True
Let i = -2 - -4. Suppose 434 = -j + 4*v - 20, 3*j + i*v + 1432 = 0. Let r = -227 - j. Is r a composite number?
True
Let i(x) = -2*x - 13. Let z be i(-8). Let h(t) = t**2 - 3*t. Let n be h(z). Suppose n = 9*s - 14*s + 515. Is s prime?
True
Let n(z) = 2 - 4*z**2 + 2 + 3*z**2 - 3*z. Let h be n(-3). Is -3*h/24*-1106 a composite number?
True
Let m(p) = 50*p**2 - 2*p + 3. Suppose 0 = 5*l - 2*l - 12. Suppose -2 - l = -3*y. Is m(y) composite?
False
Suppose -187227 = -5*m - d - 42754, -m = -5*d - 28905. Is m a composite number?
True
Let m(y) = -y**3 + 2*y + 2. Let h be m(-5). Let j = 97 - 123. Let d = j + h. Is d prime?
False
Let k(q) = -5*q**2 + 4*q - 3. Let t be k(1). Is (18/4 - 4) + (-25410)/t a prime number?
True
Suppose 0 = -84*y + 76*y + 15592. Is y prime?
True
Let n(i) = -14087*i + 406. Is n(-9) prime?
True
Let z(j) = -j**3 - 19*j**2 + 21*j + 25. Let w be z(-20). Suppose 3*k + 0*k = l + 8641, -w*k + 14415 = -5*l. Is k prime?
